tors of s.
5, 163
Let l = -8936 - -18859. List the prime factors of l.
9923
Suppose -9563 - 4901 = -16*i. What are the prime factors of i?
2, 113
Let s = 87 - 85. Suppose 3*d = -5*x + 155, -d - 62 = -s*x - 2*d. List the prime factors of x.
31
Suppose -38*h + 12427506 = 235*h. What are the prime factors of h?
2, 3, 281
Let q = 8992 - 8990. List the prime factors of q.
2
Let n = 270 - 123. Let i = n - -221. Let h = 566 - i. What are the prime factors of h?
2, 3, 11
What are the prime factors of 2/(-3) + -1*387/81*-2895?
13831
Let v(q) be the first derivative of -2*q**3/3 + 3*q**2 + 2*q + 15. Let z be v(4). What are the prime factors of (21/6)/7 - 201/z?
2, 17
Suppose -19 = -3*q - 5*g, -5 = -3*g + 1. Let y be (-1)/q*((-77)/7 - 1). Let z = y + 89. What are the prime factors of z?
3, 31
Suppose -4*z + 221 - 1578 = -w, -z - 358 = -4*w. Let m = 736 + z. What are the prime factors of m?
2, 199
Let a(l) = 38*l**2 - 38*l - 555. List the prime factors of a(-13).
6361
Let w(u) = -u - 1. Let i be w(5). Let n be (-600)/36 - 4/i. List the prime factors of (n/24)/(106/108 + -1).
2, 3
Let h(p) = -p**2 - 4. Let u(q) = q**2 + 3. Let n(b) = -4*h(b) - 5*u(b). Let z be n(-1). Suppose z = 5*a - 371 + 36. What are the prime factors of a?
67
Let i be (14/(-6))/(16/12 + -1). List the prime factors of ((-1)/(-2))/(i/(-41286)*3).
983
Let q = 1603 + -2677. Let d = q - -2040. What are the prime factors of d?
2, 3, 7, 23
Let p = 16030 - 10810. What are the prime factors of p?
2, 3, 5, 29
Let p = 110 + -113. Let i be (492/(-18))/((-1)/p). Let s = i - -288. List the prime factors of s.
2, 103
Suppose -3*c + 1 = -4*c. Let p be c + -2 + (-318)/(-6). Suppose 0 = 3*v - 5*i + p - 161, -3*i = 3*v - 87. What are the prime factors of v?
2
Let q(n) = 72*n**2 - 108*n - 291. What are the prime factors of q(25)?
3, 11, 19, 67
Let m be 42/4*16/(-24)*-57. Suppose -4*y - m + 2040 = h, -2*y + 2*h = -808. List the prime factors of y.
409
Let n(a) = -17*a**3 - a**2 + 5*a. Let l be n(2). Let g = l + 642. Suppose -3*c + g - 161 = 0. What are the prime factors of c?
3, 13
Let y = -2518 + 5039. List the prime factors of y.
2521
Suppose 0 = -5*h - 35, -a - 315 + 313 = 2*h. List the prime factors of a.
2, 3
Suppose -20 = -5*y, -3*j - 2*y = -6*y + 229. What are the prime factors of (-1 + 1 + j)*-1?
71
Let z = -95339 + 137669. What are the prime factors of z?
2, 3, 5, 17, 83
Let r(w) = w**3 + 14*w**2 - w - 9. Let f be r(-14). Suppose -a + f*y = 14, -3*a + 4*y = y + 6. What are the prime factors of a/(3/315) + -2?
103
Let l = 35 - 33. Suppose 421 = l*j - 359. List the prime factors of j.
2, 3, 5, 13
Let p(y) = 2773*y**3 + y**2 + 30*y - 62. What are the prime factors of p(2)?
2, 11093
Let s(m) = -157*m + 32. Let l(r) = 157*r - 32. Let z(x) = -6*l(x) - 7*s(x). What are the prime factors of z(7)?
11, 97
Suppose 3*a + 5*d - 67318 = 0, -5*d + 8*d + 67350 = 3*a. What are the prime factors of a?
2, 3, 29, 43
Suppose 0 = 5*m, -3*z + 68 - 8 = 5*m. Let a = 75 + z. List the prime factors of a.
5, 19
Let r(w) = -83*w - 39. Suppose 0 = 4*q - 7*q - 9. List the prime factors of r(q).
2, 3, 5, 7
Let d = 187 + -185. Suppose -t + 5*t - 242 = -2*j, -5*t - d*j = -300. List the prime factors of t.
2, 29
Suppose 2*x + 634 = 2*q - 768, 0 = q - 5*x - 685. Suppose -630 = -5*a + q. Suppose 2*n - a = -17. What are the prime factors of n?
5
Let j(h) = -143*h**3 - 3*h**2 + 3. Let w = -33 + 32. List the prime factors of j(w).
11, 13
Let n(d) = -351*d - 56. Let t be n(-7). Suppose -3*b + 1080 = -3*q, -3*q - 585 = 5*b - t. What are the prime factors of b?
2, 181
Suppose 0*m + 256 = -5*l + 2*m, l + 54 = -m. List the prime factors of (-23020)/(-17) + l/442.
2, 677
Suppose -3*o - 72 = -30. List the prime factors of (5 - (-63)/o)*28.
2, 7
Let s = -488 - -4338. List the prime factors of s.
2, 5, 7, 11
Let x = 606 + -335. List the prime factors of x + 7 + -5 + -3 + 0.
2, 3, 5
Let c(g) = -5*g + 386. Let h be c(43). Suppose -9 = -u + 5. Suppose 13*k = u*k - h. List the prime factors of k.
3, 19
Let i = 2790 + -1253. What are the prime factors of i?
29, 53
Let a(t) = 114*t**2 + 55*t + 130. What are the prime factors of a(13)?
7, 13, 17
Suppose v - 123 = -3*s, 0 = 4*v - 4*s - 280 - 180. Suppose -v = 4*g + 35. Let b = 131 + g. List the prime factors of b.
3, 31
Suppose -2*h = -2*m - 2, 3*m + h + 5 = 18. Suppose -3*b - m*g = -972, 0*b - 2*g + 967 = 3*b. List the prime factors of b.
11, 29
Let k(v) = 1016*v + 1572. List the prime factors of k(15).
2, 3, 467
Let m be -1*0*3/24. Suppose -f + 1050 = -5*a, m = -4*f - a - a + 4266. List the prime factors of f.
3, 5, 71
Suppose -43*f + 46*f - 94746 = -3*k, 0 = -2*f + 4*k + 63116. List the prime factors of f.
2, 15787
Let s = -1507 + 1062. Let x = s - -753. List the prime factors of x.
2, 7, 11
Let o(g) = -6*g**3 + 3*g**2 + 6*g + 34. Let y(s) = -7*s - 41. Let d be y(-5). What are the prime factors of o(d)?
2, 701
Let u(v) be the third derivative of -v**6/120 - 7*v**5/60 - 7*v**4/24 + 4*v**2. Let n be u(-6). Suppose 54 - n = 8*t. What are the prime factors of t?
2, 3
Let h(k) = k**2 - 3*k + 8. Let g be h(-5). Let n = 1 - 17. List the prime factors of n/g*162/(-2).
3
Let j(w) = -88*w - 1174. List the prime factors of j(-53).
2, 5, 349
Let q(k) = k**3 + 3*k - 4. Suppose 5*w - 4*w = 0. Suppose w = -0*i - i - 3*p + 9, 4*i - 14 = -p. List the prime factors of q(i).
2
Let v(u) = 20. Let j(n) = -n - 1. Suppose -2*o + 3 = -5*o. Let d(c) = o*v(c) + 3*j(c). What are the prime factors of d(-9)?
2
Let g(f) = 81*f + 24. Suppose -10 = -2*n + 3*a, 3*n - 7*n - 5*a + 20 = 0. List the prime factors of g(n).
3, 11, 13
Let p = 11 - -1. Let g be p/6 + (-1 - -3). Suppose 3*k + 0*k + z = 281, -g*k = 4*z - 388. List the prime factors of k.
2, 23
Let a be 1/((-14)/(-4)) + 15378/77. Suppose a = 3*u + 2*u. What are the prime factors of (-3)/(-5) - (-4)/(u/854)?
2, 43
Let m = 1074 - -3850. What are the prime factors of m?
2, 1231
Suppose -71*u = -55*u - 76608. What are the prime factors of u?
2, 3, 7, 19
Suppose 2*z = -2*q + 8, -4*q = -z - z - 4. Suppose -3*g + 6711 - 1691 = -q*m, g = -4*m + 1650. List the prime factors of g.
2, 5, 167
Suppose -111*j - 2*w = -113*j + 66602, -w = 2*j - 66590. List the prime factors of j.
3, 11, 1009
Let a(z) = -35*z + 2. Let w be a(7). Suppose 5*v = 4*m - 2*m - 16, 2*v = 3*m - 13. What are the prime factors of 0 + (v - w) - 0/(-6)?
241
Let q = 136 + -163. List the prime factors of (-574)/(-6) + ((-252)/q - 10).
5, 19
Let f = 29 + -27. Suppose f*b - 3*w - 182 = 0, -62 - 31 = -b + w. What are the prime factors of b?
97
Suppose 2*s + u + 1 = 0, -3*u - 3 = s + 4*s. Let m = 2 - s. Suppose 0 = -m*c + 16 + 54. What are the prime factors of c?
5, 7
Let y = -4986 - -29790. List the prime factors of y.
2, 3, 13, 53
Suppose 72*p - 58999 - 760433 = 0. List the prime factors of p.
19, 599
Let u = 7301 + -1989. List the prime factors of u.
2, 83
Suppose -3*r = 5*d + 13, 5*r + 3*d = d + 10. Suppose -r*y = 3*c - 1235, -17 + 7 = -2*c. List the prime factors of y.
5, 61
Suppose 4*k = 2*b - 14 + 10, 2*b + 5*k = -23. Let m(s) = 96*s**2 - s + 5. What are the prime factors of m(b)?
3, 5, 103
Let m(w) = -70*w + 410. Let z(r) = 24*r - 136. Let v(u) = 6*m(u) + 17*z(u). List the prime factors of v(-19).
2, 47
Let n = -7626 - -20493. What are the prime factors of n?
3, 4289
List the prime factors of (13244 + -2)*1275/225.
2, 17, 2207
Suppose 4*v = 6*v + 5*w - 13793, 34430 = 5*v - 5*w. List the prime factors of v.
83
Suppose 17679 = 57*p + 26*p. List the prime factors of p.
3, 71
Let q(h) = 11*h + 49. Let r be q(-4). Suppose -4*t + 619 = -3*d - 750, 1005 = 3*t + r*d. What are the prime factors of t?
2, 5, 17
Let t = 13606 + 65. What are the prime factors of t?
3, 7, 31
Let q = 43 - 33. Suppose -5*u = -q*u + 360. Let z = u - 37. What are the prime factors of z?
5, 7
Let y(n) = 592*n - 7080. List the prime factors of y(18).
2, 3, 149
Suppose 5*u - 6*y + 4*y = 18329, -18 = 9*y. What are the prime factors of u?
5, 733
Suppose 0 = -z + 4*i + 9820, 3*i - 29490 = -2*z - z. Suppose 28*j - 2*j - z = 0. What are the prime factors of j?
2, 3, 7
What are the prime factors of (6/11 - (1176/154)/3)*-971?
2, 971
Let c(r) = 6*r - 116. Let i(x) = 4*x**2 + 22*x + 9. Let s be i(-6). What are the prime factors of c(s)?
2, 5
Let v = -1 + -5. 